s of 2443691180.
2, 5, 7, 17, 1026761
What are the prime factors of 11514776?
2, 7, 13, 15817
What are the prime factors of 69870184?
2, 43, 101, 2011
What are the prime factors of 676780304?
2, 19, 2226251
What are the prime factors of 68035409?
13, 19, 275447
What are the prime factors of 382640724?
2, 3, 47, 59, 3833
What are the prime factors of 562508283?
3, 187502761
What are the prime factors of 38512645?
5, 7702529
What are the prime factors of 66633470?
2, 5, 6663347
List the prime factors of 208477635.
3, 5, 23, 31, 101, 193
List the prime factors of 483908286.
2, 3, 80651381
List the prime factors of 3373930615.
5, 11, 29, 2115317
List the prime factors of 663136448.
2, 13, 797039
List the prime factors of 2994775764.
2, 3, 43, 829, 7001
What are the prime factors of 7169234583?
3, 7, 1009, 338347
List the prime factors of 22173772.
2, 5543443
What are the prime factors of 4193086266?
2, 3, 239, 433, 2251
List the prime factors of 232234790.
2, 5, 17, 1366087
List the prime factors of 65192156.
2, 16298039
List the prime factors of 8060527733.
8060527733
List the prime factors of 200701522.
2, 7, 19, 71, 10627
List the prime factors of 26538214.
2, 541, 24527
What are the prime factors of 457072563?
3, 9973, 15277
What are the prime factors of 2732990758?
2, 1366495379
List the prime factors of 4075320516.
2, 3, 4591, 73973
List the prime factors of 1394814650.
2, 5, 43, 73, 8887
What are the prime factors of 355803524?
2, 88950881
What are the prime factors of 48898098?
2, 3, 31, 87631
List the prime factors of 1160796298.
2, 19, 30547271
What are the prime factors of 1379371250?
2, 5, 1103497
List the prime factors of 182972604.
2, 3, 15247717
What are the prime factors of 23114025?
3, 5, 11, 283
What are the prime factors of 2370146785?
5, 47, 10085731
What are the prime factors of 113390357?
17, 379, 17599
List the prime factors of 32330763.
3, 89, 181, 223
List the prime factors of 305337867.
3, 17, 1031, 5807
What are the prime factors of 169807206?
2, 3, 23, 163, 7549
List the prime factors of 5263917482.
2, 19403, 135647
What are the prime factors of 38179541?
38179541
What are the prime factors of 1394617188?
2, 3, 116218099
List the prime factors of 33650809.
127, 257, 1031
List the prime factors of 2305781110.
2, 5, 613, 376147
List the prime factors of 80447432.
2, 13, 773533
List the prime factors of 50064181.
211, 237271
List the prime factors of 94009769.
7, 13429967
List the prime factors of 418912531.
691, 606241
List the prime factors of 4142052313.
7, 23, 25727033
List the prime factors of 111267583.
7, 23, 98729
What are the prime factors of 2221790488?
2, 8053, 34487
List the prime factors of 62310753.
3, 6923417
What are the prime factors of 82723410?
2, 3, 5, 7, 11, 23, 173
List the prime factors of 1380707345.
5, 9697, 28477
What are the prime factors of 121965309?
3, 199, 68099
What are the prime factors of 1630557458?
2, 71, 1847, 6217
List the prime factors of 131106788.
2, 17, 1928041
List the prime factors of 484739992.
2, 11, 2347
What are the prime factors of 47628199?
47628199
What are the prime factors of 255547785?
3, 5, 17036519
List the prime factors of 2174803435.
5, 7, 62137241
List the prime factors of 656678949.
3, 137, 1597759
List the prime factors of 3191059710.
2, 3, 5, 31, 1143749
List the prime factors of 9924896.
2, 47, 6599
What are the prime factors of 3431931540?
2, 3, 5, 47, 1216997
What are the prime factors of 965787733?
23, 31, 317, 4273
List the prime factors of 124902391.
29, 4306979
List the prime factors of 1555355594.
2, 13, 59821369
List the prime factors of 1352408865.
3, 5, 1109, 81299
List the prime factors of 2431562181.
3, 16651, 48677
What are the prime factors of 2669948361?
3, 296660929
List the prime factors of 80366760.
2, 3, 5, 223241
What are the prime factors of 51075197?
31, 131, 12577
List the prime factors of 772918512.
2, 3, 383, 42043
List the prime factors of 19959045.
3, 5, 1330603
List the prime factors of 37411419.
3, 43, 290011
List the prime factors of 14626474.
2, 337, 21701
List the prime factors of 124964567.
7, 13, 29, 47353
List the prime factors of 567707883.
3, 189235961
List the prime factors of 440487227.
43, 10243889
What are the prime factors of 555743678?
2, 7, 233, 170369
List the prime factors of 1647168892.
2, 411792223
What are the prime factors of 356702700?
2, 3, 5, 977, 1217
List the prime factors of 18994803.
3, 23, 11969
List the prime factors of 1606025086.
2, 173, 617, 7523
What are the prime factors of 159994591?
523, 305917
List the prime factors of 310512961.
11, 28228451
List the prime factors of 245465270.
2, 5, 3389, 7243
What are the prime factors of 111126656?
2, 868177
List the prime factors of 638758917.
3, 70973213
What are the prime factors of 16114424?
2, 2014303
What are the prime factors of 1996783871?
83, 599, 40163
What are the prime factors of 1642430615?
5, 7, 46926589
List the prime factors of 368216419.
31, 3187, 3727
List the prime factors of 331736288.
2, 13, 139, 5737
What are the prime factors of 219334847?
12497, 17551
What are the prime factors of 977163319?
11, 113, 683, 1151
List the prime factors of 57837161.
199, 509, 571
What are the prime factors of 376808697?
3, 41867633
List the prime factors of 2042231872.
2, 19, 37, 2389
List the prime factors of 105648603.
3, 35216201
List the prime factors of 58994540.
2, 5, 11, 23, 89, 131
What are the prime factors of 1674370571?
137, 197, 62039
List the prime factors of 331012973.
997, 332009
What are the prime factors of 49684067?
463, 107309
List the prime factors of 507393005.
5, 7, 19, 89, 8573
List the prime factors of 30854828.
2, 7713707
List the prime factors of 3971332257.
3, 47, 28165477
List the prime factors of 192752477.
17, 83, 136607
List the prime factors of 3854795721.
3, 7, 4211, 43591
List the prime factors of 234162868.
2, 197, 297161
List the prime factors of 267737949.
3, 19, 151, 10369
List the prime factors of 522054054.
2, 3, 17, 71, 24029
List the prime factors of 61558185.
3, 5, 13, 89, 3547
List the prime factors of 27636443.
4493, 6151
List the prime factors of 166587221.
79, 2108699
What are the prime factors of 81111469?
31, 1429, 1831
List the prime factors of 552724966.
2, 173, 1249, 1279
List the prime factors of 1004237286.
2, 3, 13, 19, 193, 3511
List the prime factors of 2250184562.
2, 1125092281
List the prime factors of 5744574974.
2, 2872287487
List the prime factors of 31004677.
11, 43, 59, 101
What are the prime factors of 124941976?
2, 17, 29, 79, 401
List the prime factors of 834053369.
29, 28760461
List the prime factors of 945294425.
5, 4273, 8849
What are the prime factors of 243434906?
2, 11, 13, 851171
What are the prime factors of 446013681?
3, 148671227
List the prime factors of 26190333.
3, 13, 223849
List the prime factors of 4600397898.
2, 3, 271, 943091
What are the prime factors of 487232722?
2, 113, 773, 2789
List the prime factors of 1702728628.
2, 425682157
What are the prime factors of 4767421173?
3, 1589140391
What are the prime factors of 2225079921?
3, 59, 491, 25603
List the prime factors of 188574275.
5, 7542971
What are the prime factors of 2583508592?
2, 7, 557, 41413
List the prime factors of 2679336.
2, 3, 11, 17, 199
What are the prime factors of 2240144365?
5, 19, 641, 36787
What are the prime factors of 882739370?
2, 5, 88273937
What are the prime factors of 3042085343?
11, 276553213
What are the prime factors of 484170923?
47, 10301509
List the prime factors of 3932036549.
7, 5507, 102001
What are the prime factors of 1852294500?
2, 3, 5, 7, 17, 1153
List the prime factors of 410915728.
2, 937, 27409
List the prime factors of 3111569323.
3111569323
What are the prime factors of 17169000?
2, 3, 5, 59, 97
What are the prime factors of 3954613695?
3, 5, 17, 67, 211, 1097
List the prime factors of 250981046.
2, 4013, 31271
List the prime factors of 129667936.
2, 103, 39341
What are the prime factors of 33967524?
2, 3, 2830627
List the prime factors of 37104847.
13, 1019, 2801
List the prime factors of 2339692554.
2, 3, 59, 6609301
List the prime factors of 749774972.
2, 311, 602713
What are the prime factors of 36466567?
19, 1919293
List the prime factors of 3346014993.
3, 3917, 2